Last updated on 2021-03-04 11:48:14 CET.
Flavor | Version | Tinstall | Tcheck | Ttotal | Status | Flags |
---|---|---|---|---|---|---|
r-devel-linux-x86_64-debian-clang | 0.1.0 | 2.18 | 26.78 | 28.96 | OK | |
r-devel-linux-x86_64-debian-gcc | 0.1.0 | 1.77 | 20.85 | 22.62 | OK | |
r-devel-linux-x86_64-fedora-clang | 0.1.0 | 44.17 | NOTE | |||
r-devel-linux-x86_64-fedora-gcc | 0.1.0 | 33.37 | NOTE | |||
r-devel-windows-ix86+x86_64 | 0.1.0 | 6.00 | 42.00 | 48.00 | OK | |
r-patched-linux-x86_64 | 0.1.0 | 2.18 | 25.30 | 27.48 | OK | |
r-patched-solaris-x86 | 0.1.0 | 56.40 | NOTE | |||
r-release-linux-x86_64 | 0.1.0 | 2.40 | 25.32 | 27.72 | OK | |
r-release-macos-x86_64 | 0.1.0 | NOTE | ||||
r-release-windows-ix86+x86_64 | 0.1.0 | 5.00 | 37.00 | 42.00 | OK | |
r-oldrel-macos-x86_64 | 0.1.0 | NOTE | ||||
r-oldrel-windows-ix86+x86_64 | 0.1.0 | 4.00 | 44.00 | 48.00 | OK |
Version: 0.1.0
Check: dependencies in R code
Result: NOTE
Namespaces in Imports field not imported from:
‘dplyr’ ‘ggplot2’ ‘lubridate’
All declared Imports should be used.
Flavors: r-devel-linux-x86_64-fedora-clang, r-devel-linux-x86_64-fedora-gcc, r-patched-solaris-x86, r-release-macos-x86_64, r-oldrel-macos-x86_64