CRAN Package Check Results for Package ztpln

Last updated on 2024-07-22 11:56:41 CEST.

Flavor Version Tinstall Tcheck Ttotal Status Flags
r-devel-linux-x86_64-debian-clang 0.1.2 54.14 110.85 164.99 NOTE
r-devel-linux-x86_64-debian-gcc 0.1.2 38.28 93.24 131.52 NOTE
r-devel-linux-x86_64-fedora-clang 0.1.2 266.28 NOTE
r-devel-linux-x86_64-fedora-gcc 0.1.2 202.43 NOTE
r-devel-windows-x86_64 0.1.2 44.00 134.00 178.00 NOTE
r-patched-linux-x86_64 0.1.2 55.52 108.88 164.40 NOTE
r-release-linux-x86_64 0.1.2 34.37 109.60 143.97 NOTE
r-release-macos-arm64 0.1.2 90.00 NOTE
r-release-macos-x86_64 0.1.2 131.00 NOTE
r-release-windows-x86_64 0.1.2 47.00 134.00 181.00 NOTE
r-oldrel-macos-arm64 0.1.2 82.00 NOTE
r-oldrel-macos-x86_64 0.1.2 133.00 NOTE
r-oldrel-windows-x86_64 0.1.2 61.00 164.00 225.00 NOTE

Check Details

Version: 0.1.2
Check: C++ specification
Result: NOTE Specified C++11: please drop specification unless essential Flavors: r-devel-linux-x86_64-debian-clang, r-devel-linux-x86_64-debian-gcc, r-devel-linux-x86_64-fedora-clang, r-devel-linux-x86_64-fedora-gcc, r-devel-windows-x86_64, r-patched-linux-x86_64, r-release-linux-x86_64, r-release-macos-arm64, r-release-macos-x86_64, r-release-windows-x86_64, r-oldrel-macos-arm64, r-oldrel-macos-x86_64, r-oldrel-windows-x86_64

Version: 0.1.2
Check: installed package size
Result: NOTE installed size is 8.0Mb sub-directories of 1Mb or more: libs 7.7Mb Flavors: r-release-macos-arm64, r-release-macos-x86_64, r-oldrel-macos-arm64, r-oldrel-macos-x86_64