CRAN Package Check Results for Package zoo

Last updated on 2021-01-15 15:52:52 CET.

Flavor Version Tinstall Tcheck Ttotal Status Flags
r-devel-linux-x86_64-debian-clang 1.8-8 8.38 82.80 91.18 OK
r-devel-linux-x86_64-debian-gcc 1.8-8 7.99 69.65 77.64 OK
r-devel-linux-x86_64-fedora-clang 1.8-8 148.17 NOTE
r-devel-linux-x86_64-fedora-gcc 1.8-8 125.50 OK
r-devel-windows-ix86+x86_64 1.8-8 20.00 163.00 183.00 OK
r-patched-linux-x86_64 1.8-8 8.12 77.19 85.31 OK
r-patched-solaris-x86 1.8-8 169.80 OK
r-release-linux-x86_64 1.8-8 8.70 77.24 85.94 WARN
r-release-macos-x86_64 1.8-8 OK
r-release-windows-ix86+x86_64 1.8-8 15.00 137.00 152.00 OK
r-oldrel-macos-x86_64 1.8-8 OK
r-oldrel-windows-ix86+x86_64 1.8-8 14.00 121.00 135.00 OK

Check Details

Version: 1.8-8
Check: Rd cross-references
Result: NOTE
    Undeclared packages ‘stinepack’, ‘latticeExtra’ in Rd xrefs
Flavor: r-devel-linux-x86_64-fedora-clang

Version: 1.8-8
Check: re-building of vignette outputs
Result: WARN
    Error(s) in re-building vignettes:
     ...
    --- re-building ‘zoo-design.Rnw’ using Sweave
    
    Attaching package: ‘zoo’
    
    The following objects are masked from ‘package:base’:
    
     as.Date, as.Date.numeric
    
    --- finished re-building ‘zoo-design.Rnw’
    
    --- re-building ‘zoo-faq.Rnw’ using Sweave
    
    Attaching package: ‘zoo’
    
    The following objects are masked from ‘package:base’:
    
     as.Date, as.Date.numeric
    
    
    Attaching package: ‘timeSeries’
    
    The following object is masked from ‘package:zoo’:
    
     time<-
    
    --- finished re-building ‘zoo-faq.Rnw’
    
    --- re-building ‘zoo-quickref.Rnw’ using Sweave
    
    Attaching package: ‘zoo’
    
    The following objects are masked from ‘package:base’:
    
     as.Date, as.Date.numeric
    
    Error: processing vignette 'zoo-quickref.Rnw' failed with diagnostics:
    Running ‘texi2dvi’ on ‘zoo-quickref.tex’ failed.
    LaTeX errors:
    ! Undefined control sequence.
    <recently read> \Hy@colorlink
    
    l.40 \begin{document}
    
    ! Undefined control sequence.
    \close@pdflink ->\Hy@endcolorlink
     \Hy@VerboseLinkStop \pdfendlink
    l.40 \begin{document}
    
    ! Undefined control sequence.
    <recently read> \Hy@colorlink
    
    l.40 \begin{document}
    
    ! Undefined control sequence.
    \close@pdflink ->\Hy@endcolorlink
     \Hy@VerboseLinkStop \pdfendlink
    l.40 \begin{document}
    
    --- failed re-building ‘zoo-quickref.Rnw’
    
    --- re-building ‘zoo-read.Rnw’ using Sweave
    
    Attaching package: ‘zoo’
    
    The following objects are masked from ‘package:base’:
    
     as.Date, as.Date.numeric
    
    --- finished re-building ‘zoo-read.Rnw’
    
    --- re-building ‘zoo.Rnw’ using Sweave
    
    Attaching package: ‘zoo’
    
    The following objects are masked from ‘package:base’:
    
     as.Date, as.Date.numeric
    
    Loading required package: sandwich
    Error: processing vignette 'zoo.Rnw' failed with diagnostics:
    Running ‘texi2dvi’ on ‘zoo.tex’ failed.
    LaTeX errors:
    ! Undefined control sequence.
    <recently read> \Hy@colorlink
    
    l.51 \begin{document}
    
    ! Undefined control sequence.
    \close@pdflink ->\Hy@endcolorlink
     \Hy@VerboseLinkStop \pdfendlink
    l.51 \begin{document}
    
    ! Undefined control sequence.
    <recently read> \Hy@colorlink
    
    l.51 \begin{document}
    
    ! Undefined control sequence.
    \close@pdflink ->\Hy@endcolorlink
     \Hy@VerboseLinkStop \pdfendlink
    l.51 \begin{document}
    
    --- failed re-building ‘zoo.Rnw’
    
    SUMMARY: processing the following files failed:
     ‘zoo-quickref.Rnw’ ‘zoo.Rnw’
    
    Error: Vignette re-building failed.
    Execution halted
Flavor: r-release-linux-x86_64