CRAN Package Check Results for Package zonator

Last updated on 2021-11-28 07:51:01 CET.

Flavor Version Tinstall Tcheck Ttotal Status Flags
r-devel-linux-x86_64-debian-clang 0.6.0 NOTE
r-devel-linux-x86_64-debian-gcc 0.6.0 23.13 144.30 167.43 NOTE
r-devel-linux-x86_64-fedora-clang 0.6.0 384.12 NOTE
r-devel-linux-x86_64-fedora-gcc 0.6.0 259.12 NOTE
r-devel-windows-x86_64-new-UL 0.6.0 63.00 311.00 374.00 NOTE
r-devel-windows-x86_64-new-TK 0.6.0 NOTE
r-devel-windows-x86_64-old 0.6.0 42.00 253.00 295.00 NOTE
r-patched-linux-x86_64 0.6.0 35.28 169.39 204.67 NOTE
r-patched-solaris-x86 0.6.0 417.70 NOTE
r-release-linux-x86_64 0.6.0 32.30 168.41 200.71 NOTE
r-release-macos-arm64 0.6.0 NOTE
r-release-macos-x86_64 0.6.0 NOTE
r-release-windows-ix86+x86_64 0.6.0 72.00 289.00 361.00 NOTE
r-oldrel-macos-x86_64 0.6.0 NOTE
r-oldrel-windows-ix86+x86_64 0.6.0 85.00 308.00 393.00 NOTE

Check Details

Version: 0.6.0
Check: package dependencies
Result: NOTE
    Package suggested but not available for checking: 'zdat'
Flavors: r-devel-linux-x86_64-debian-clang, r-devel-linux-x86_64-debian-gcc, r-devel-linux-x86_64-fedora-clang, r-devel-linux-x86_64-fedora-gcc, r-devel-windows-x86_64-new-UL, r-devel-windows-x86_64-new-TK, r-devel-windows-x86_64-old, r-patched-linux-x86_64, r-patched-solaris-x86, r-release-linux-x86_64, r-release-macos-arm64, r-release-macos-x86_64, r-release-windows-ix86+x86_64, r-oldrel-macos-x86_64, r-oldrel-windows-ix86+x86_64