CRAN Package Check Results for Package zen4R

Last updated on 2021-09-20 15:53:21 CEST.

Flavor Version Tinstall Tcheck Ttotal Status Flags
r-devel-linux-x86_64-debian-clang 0.5 6.05 29.00 35.05 OK
r-devel-linux-x86_64-debian-gcc 0.5 5.89 22.72 28.61 OK
r-devel-linux-x86_64-fedora-clang 0.5 53.29 OK
r-devel-linux-x86_64-fedora-gcc 0.5 42.32 OK
r-devel-windows-x86_64 0.5 9.00 36.00 45.00 OK
r-devel-windows-x86_64-gcc10-UCRT 0.5 ERROR
r-patched-linux-x86_64 0.5 9.98 28.10 38.08 OK
r-patched-solaris-x86 0.5 64.40 OK
r-release-linux-x86_64 0.5 6.90 28.14 35.04 OK
r-release-macos-arm64 0.5 OK
r-release-macos-x86_64 0.5 OK
r-release-windows-ix86+x86_64 0.5 11.00 38.00 49.00 OK
r-oldrel-macos-x86_64 0.5 OK
r-oldrel-windows-ix86+x86_64 0.5 11.00 33.00 44.00 OK

Check Details

Version: 0.5
Check: whether package can be installed
Result: WARN
    Found the following significant warnings:
     WARNING: installation-time patches will not be applied, could not get the patches index
Flavor: r-devel-windows-x86_64-gcc10-UCRT

Version: 0.5
Check: PDF version of manual
Result: WARN
    LaTeX errors when creating PDF version.
    This typically indicates Rd problems.
Flavor: r-devel-windows-x86_64-gcc10-UCRT

Version: 0.5
Check: PDF version of manual without hyperrefs or index
Result: ERROR
    Re-running with no redirection of stdout/stderr.
Flavor: r-devel-windows-x86_64-gcc10-UCRT