CRAN Package Check Results for Package zbank

Last updated on 2021-09-21 07:50:45 CEST.

Flavor Version Tinstall Tcheck Ttotal Status Flags
r-devel-linux-x86_64-debian-clang 0.1.0 3.26 37.33 40.59 OK
r-devel-linux-x86_64-debian-gcc 0.1.0 2.75 28.60 31.35 OK
r-devel-linux-x86_64-fedora-clang 0.1.0 57.48 OK
r-devel-linux-x86_64-fedora-gcc 0.1.0 46.07 OK
r-devel-windows-x86_64 0.1.0 6.00 43.00 49.00 OK
r-devel-windows-x86_64-gcc10-UCRT 0.1.0 ERROR
r-patched-linux-x86_64 0.1.0 3.46 35.79 39.25 OK
r-patched-solaris-x86 0.1.0 70.30 OK
r-release-linux-x86_64 0.1.0 3.37 35.26 38.63 OK
r-release-macos-arm64 0.1.0 OK
r-release-macos-x86_64 0.1.0 OK
r-release-windows-ix86+x86_64 0.1.0 8.00 41.00 49.00 OK
r-oldrel-macos-x86_64 0.1.0 OK
r-oldrel-windows-ix86+x86_64 0.1.0 8.00 41.00 49.00 OK

Check Details

Version: 0.1.0
Check: whether package can be installed
Result: WARN
    Found the following significant warnings:
     WARNING: installation-time patches will not be applied, could not get the patches index
Flavor: r-devel-windows-x86_64-gcc10-UCRT

Version: 0.1.0
Check: PDF version of manual
Result: WARN
    LaTeX errors when creating PDF version.
    This typically indicates Rd problems.
Flavor: r-devel-windows-x86_64-gcc10-UCRT

Version: 0.1.0
Check: PDF version of manual without hyperrefs or index
Result: ERROR
    Re-running with no redirection of stdout/stderr.
Flavor: r-devel-windows-x86_64-gcc10-UCRT