CRAN Package Check Results for Package yuimaGUI

Last updated on 2021-05-07 11:49:49 CEST.

Flavor Version Tinstall Tcheck Ttotal Status Flags
r-devel-linux-x86_64-debian-clang 1.3.0 13.96 114.08 128.04 OK
r-devel-linux-x86_64-debian-gcc 1.3.0 11.10 83.88 94.98 OK
r-devel-linux-x86_64-fedora-clang 1.3.0 169.72 NOTE
r-devel-linux-x86_64-fedora-gcc 1.3.0 145.31 NOTE
r-devel-windows-ix86+x86_64 1.3.0 36.00 139.00 175.00 OK
r-devel-windows-x86_64-gcc10-UCRT 1.3.0 NOTE
r-patched-linux-x86_64 1.3.0 11.74 106.45 118.19 OK
r-patched-solaris-x86 1.3.0 215.60 NOTE
r-release-linux-x86_64 1.3.0 14.56 103.33 117.89 OK
r-release-macos-x86_64 1.3.0 NOTE
r-release-windows-ix86+x86_64 1.3.0 25.00 115.00 140.00 OK
r-oldrel-macos-x86_64 1.3.0 NOTE
r-oldrel-windows-ix86+x86_64 1.3.0 26.00 6.00 32.00 ERROR

Check Details

Version: 1.3.0
Check: dependencies in R code
Result: NOTE
    Namespace in Imports field not imported from: ‘ghyp’
     All declared Imports should be used.
Flavors: r-devel-linux-x86_64-fedora-clang, r-devel-linux-x86_64-fedora-gcc, r-devel-windows-x86_64-gcc10-UCRT, r-patched-solaris-x86, r-release-macos-x86_64, r-oldrel-macos-x86_64

Version: 1.3.0
Check: whether package can be installed
Result: ERROR
    Installation failed.
Flavor: r-oldrel-windows-ix86+x86_64