CRAN Package Check Results for Package yatah

Last updated on 2021-03-07 19:49:13 CET.

Flavor Version Tinstall Tcheck Ttotal Status Flags
r-devel-linux-x86_64-debian-clang 0.1.0 3.49 42.58 46.07 OK
r-devel-linux-x86_64-debian-gcc 0.1.0 2.88 32.72 35.60 OK
r-devel-linux-x86_64-fedora-clang 0.1.0 64.43 OK
r-devel-linux-x86_64-fedora-gcc 0.1.0 56.79 OK
r-devel-windows-ix86+x86_64 0.1.0 9.00 66.00 75.00 OK
r-devel-windows-x86_64-gcc10-UCRT 0.1.0 OK
r-patched-linux-x86_64 0.1.0 3.22 41.10 44.32 OK
r-patched-solaris-x86 0.1.0 84.50 OK
r-release-linux-x86_64 0.1.0 3.31 41.04 44.35 OK
r-release-macos-x86_64 0.1.0 WARN
r-release-windows-ix86+x86_64 0.1.0 7.00 50.00 57.00 OK
r-oldrel-macos-x86_64 0.1.0 OK
r-oldrel-windows-ix86+x86_64 0.1.0 6.00 44.00 50.00 OK

Check Details

Version: 0.1.0
Check: package dependencies
Result: NOTE
    Package suggested but not available for checking: ‘ggtree’
Flavor: r-release-macos-x86_64

Version: 0.1.0
Check: re-building of vignette outputs
Result: WARN
    Error(s) in re-building vignettes:
     ...
    --- re-building ‘gammaproteobacteria.Rmd’ using rmarkdown
    Warning in engine$weave(file, quiet = quiet, encoding = enc) :
     Pandoc (>= 1.12.3) and/or pandoc-citeproc not available. Falling back to R Markdown v1.
    Quitting from lines 24-27 (gammaproteobacteria.Rmd)
    Error: processing vignette 'gammaproteobacteria.Rmd' failed with diagnostics:
    there is no package called 'ggtree'
    --- failed re-building ‘gammaproteobacteria.Rmd’
    
    SUMMARY: processing the following file failed:
     ‘gammaproteobacteria.Rmd’
    
    Error: Vignette re-building failed.
    Execution halted
Flavor: r-release-macos-x86_64