CRAN Package Check Results for Package xtable

Last updated on 2021-05-10 23:48:44 CEST.

Flavor Version Tinstall Tcheck Ttotal Status Flags
r-devel-linux-x86_64-debian-clang 1.8-4 2.66 67.11 69.77 NOTE
r-devel-linux-x86_64-debian-gcc 1.8-4 2.36 52.70 55.06 NOTE
r-devel-linux-x86_64-fedora-clang 1.8-4 96.99 NOTE
r-devel-linux-x86_64-fedora-gcc 1.8-4 83.11 NOTE
r-devel-windows-ix86+x86_64 1.8-4 7.00 107.00 114.00 OK
r-devel-windows-x86_64-gcc10-UCRT 1.8-4 OK
r-patched-linux-x86_64 1.8-4 3.37 65.59 68.96 NOTE
r-patched-solaris-x86 1.8-4 120.40 NOTE
r-release-linux-x86_64 1.8-4 3.47 64.56 68.03 NOTE
r-release-macos-x86_64 1.8-4 OK
r-release-windows-ix86+x86_64 1.8-4 6.00 82.00 88.00 OK
r-oldrel-macos-x86_64 1.8-4 OK
r-oldrel-windows-ix86+x86_64 1.8-4 7.00 72.00 79.00 OK

Check Details

Version: 1.8-4
Check: for non-standard things in the check directory
Result: NOTE
    Found the following files/directories:
     'xtable.html' 'xtable.tex'
Flavors: r-devel-linux-x86_64-debian-clang, r-devel-linux-x86_64-debian-gcc, r-devel-linux-x86_64-fedora-clang, r-devel-linux-x86_64-fedora-gcc, r-patched-linux-x86_64, r-patched-solaris-x86, r-release-linux-x86_64