CRAN Package Check Results for Package xspliner

Last updated on 2021-11-27 07:50:07 CET.

Flavor Version Tinstall Tcheck Ttotal Status Flags
r-devel-linux-x86_64-debian-clang 0.0.4 NOTE
r-devel-linux-x86_64-debian-gcc 0.0.4 2.57 182.58 185.15 NOTE
r-devel-linux-x86_64-fedora-clang 0.0.4 320.72 NOTE
r-devel-linux-x86_64-fedora-gcc 0.0.4 319.12 NOTE
r-devel-windows-x86_64-new-UL 0.0.4 12.00 368.00 380.00 NOTE
r-devel-windows-x86_64-new-TK 0.0.4 NOTE
r-devel-windows-x86_64-old 0.0.4 6.00 307.00 313.00 NOTE
r-patched-linux-x86_64 0.0.4 3.28 245.92 249.20 NOTE
r-patched-solaris-x86 0.0.4 104.30 NOTE
r-release-linux-x86_64 0.0.4 NOTE
r-release-macos-arm64 0.0.4 NOTE
r-release-macos-x86_64 0.0.4 NOTE
r-release-windows-ix86+x86_64 0.0.4 8.00 341.00 349.00 NOTE
r-oldrel-macos-x86_64 0.0.4 OK
r-oldrel-windows-ix86+x86_64 0.0.4 8.00 354.00 362.00 OK

Check Details

Version: 0.0.4
Check: LazyData
Result: NOTE
     'LazyData' is specified without a 'data' directory
Flavors: r-devel-linux-x86_64-debian-clang, r-devel-linux-x86_64-debian-gcc, r-devel-linux-x86_64-fedora-clang, r-devel-linux-x86_64-fedora-gcc, r-devel-windows-x86_64-new-UL, r-devel-windows-x86_64-new-TK, r-devel-windows-x86_64-old, r-patched-linux-x86_64, r-patched-solaris-x86, r-release-linux-x86_64, r-release-macos-arm64, r-release-macos-x86_64, r-release-windows-ix86+x86_64