CRAN Package Check Results for Package xnet

Last updated on 2021-06-13 03:48:27 CEST.

Flavor Version Tinstall Tcheck Ttotal Status Flags
r-devel-linux-x86_64-debian-clang 0.1.11 6.22 57.86 64.08 OK
r-devel-linux-x86_64-debian-gcc 0.1.11 5.08 45.08 50.16 OK
r-devel-linux-x86_64-fedora-clang 0.1.11 85.92 OK
r-devel-linux-x86_64-fedora-gcc 0.1.11 78.57 OK
r-devel-windows-x86_64 0.1.11 14.00 132.00 146.00 OK
r-devel-windows-x86_64-gcc10-UCRT 0.1.11 OK
r-patched-linux-x86_64 0.1.11 6.93 55.60 62.53 OK
r-patched-solaris-x86 0.1.11 106.70 NOTE
r-release-linux-x86_64 0.1.11 6.38 55.98 62.36 OK
r-release-macos-arm64 0.1.11 NOTE
r-release-macos-x86_64 0.1.11 NOTE
r-release-windows-ix86+x86_64 0.1.11 13.00 85.00 98.00 OK
r-oldrel-macos-x86_64 0.1.11 NOTE
r-oldrel-windows-ix86+x86_64 0.1.11 12.00 93.00 105.00 OK

Check Details

Version: 0.1.11
Check: package dependencies
Result: NOTE
    Packages suggested but not available for checking: 'ChemmineR', 'fmcsR'
Flavors: r-patched-solaris-x86, r-release-macos-arm64, r-release-macos-x86_64, r-oldrel-macos-x86_64