CRAN Package Check Results for Package xmlparsedata

Last updated on 2021-06-15 19:53:13 CEST.

Flavor Version Tinstall Tcheck Ttotal Status Flags
r-devel-linux-x86_64-debian-clang 1.0.5 1.85 22.90 24.75 NOTE
r-devel-linux-x86_64-debian-gcc 1.0.5 1.51 18.04 19.55 NOTE
r-devel-linux-x86_64-fedora-clang 1.0.5 38.85 NOTE
r-devel-linux-x86_64-fedora-gcc 1.0.5 28.56 NOTE
r-devel-windows-x86_64 1.0.5 3.00 42.00 45.00 NOTE
r-devel-windows-x86_64-gcc10-UCRT 1.0.5 NOTE
r-patched-linux-x86_64 1.0.5 1.78 22.28 24.06 NOTE
r-patched-solaris-x86 1.0.5 45.60 NOTE
r-release-linux-x86_64 1.0.5 1.54 22.40 23.94 NOTE
r-release-macos-arm64 1.0.5 NOTE
r-release-macos-x86_64 1.0.5 NOTE
r-release-windows-ix86+x86_64 1.0.5 4.00 29.00 33.00 NOTE
r-oldrel-macos-x86_64 1.0.5 OK
r-oldrel-windows-ix86+x86_64 1.0.5 5.00 43.00 48.00 OK

Check Details

Version: 1.0.5
Check: LazyData
Result: NOTE
     'LazyData' is specified without a 'data' directory
Flavors: r-devel-linux-x86_64-debian-clang, r-devel-linux-x86_64-debian-gcc, r-devel-linux-x86_64-fedora-clang, r-devel-linux-x86_64-fedora-gcc, r-devel-windows-x86_64, r-devel-windows-x86_64-gcc10-UCRT, r-patched-linux-x86_64, r-patched-solaris-x86, r-release-linux-x86_64, r-release-macos-arm64, r-release-macos-x86_64, r-release-windows-ix86+x86_64