CRAN Package Check Results for Package xml2

Last updated on 2021-05-15 23:49:34 CEST.

Flavor Version Tinstall Tcheck Ttotal Status Flags
r-devel-linux-x86_64-debian-clang 1.3.2 17.22 41.93 59.15 OK
r-devel-linux-x86_64-debian-gcc 1.3.2 9.82 31.79 41.61 OK
r-devel-linux-x86_64-fedora-clang 1.3.2 89.74 OK
r-devel-linux-x86_64-fedora-gcc 1.3.2 67.02 OK
r-devel-windows-ix86+x86_64 1.3.2 39.00 77.00 116.00 NOTE
r-devel-windows-x86_64-gcc10-UCRT 1.3.2 ERROR
r-patched-linux-x86_64 1.3.2 14.23 40.00 54.23 OK
r-patched-solaris-x86 1.3.2 89.80 OK
r-release-linux-x86_64 1.3.2 12.79 39.09 51.88 OK
r-release-macos-x86_64 1.3.2 WARN
r-release-windows-ix86+x86_64 1.3.2 36.00 93.00 129.00 NOTE
r-oldrel-macos-x86_64 1.3.2 OK
r-oldrel-windows-ix86+x86_64 1.3.2 31.00 91.00 122.00 NOTE

Check Details

Version: 1.3.2
Check: installed package size
Result: NOTE
     installed size is 5.1Mb
     sub-directories of 1Mb or more:
     libs 4.8Mb
Flavors: r-devel-windows-ix86+x86_64, r-release-macos-x86_64, r-release-windows-ix86+x86_64, r-oldrel-windows-ix86+x86_64

Version: 1.3.2
Check: tests
Result: ERROR
     Running 'testthat.R'
    Running the tests in 'tests/testthat.R' failed.
    Last 13 lines of output:
     >
     > if (!is_solaris) {
     + test_check("xml2")
     + }
     This is libxml2 version 2.9.10
     == Skipped tests ===============================================================
     * On CRAN (3)
    
     == Failed tests ================================================================
     -- Failure (test-write_xml.R:6:3): write_xml errors for incorrect directory and with invalid inputs --
     `write_xml(x, filename)` did not throw an error.
    
     [ FAIL 1 | WARN 0 | SKIP 3 | PASS 398 ]
     Error: Test failures
     Execution halted
Flavor: r-devel-windows-x86_64-gcc10-UCRT

Version: 1.3.2
Check: re-building of vignette outputs
Result: WARN
    Error(s) in re-building vignettes:
     ...
    --- re-building ‘modification.Rmd’ using rmarkdown
    Warning in engine$weave(file, quiet = quiet, encoding = enc) :
     Pandoc (>= 1.12.3) and/or pandoc-citeproc not available. Falling back to R Markdown v1.
    Error: processing vignette 'modification.Rmd' failed with diagnostics:
    there is no package called 'stringi'
    --- failed re-building ‘modification.Rmd’
    
    SUMMARY: processing the following file failed:
     ‘modification.Rmd’
    
    Error: Vignette re-building failed.
    Execution halted
Flavor: r-release-macos-x86_64