CRAN Package Check Results for Package wru

Last updated on 2023-01-28 23:51:55 CET.

Flavor Version Tinstall Tcheck Ttotal Status Flags
r-devel-linux-x86_64-debian-clang 1.0.1 62.17 82.09 144.26 OK
r-devel-linux-x86_64-debian-gcc 1.0.1 50.90 60.81 111.71 NOTE
r-devel-linux-x86_64-fedora-clang 1.0.1 197.93 NOTE
r-devel-linux-x86_64-fedora-gcc 1.0.1 181.13 NOTE
r-patched-linux-x86_64 1.0.1 58.66 76.33 134.99 OK
r-release-linux-x86_64 1.0.1 43.64 78.80 122.44 OK
r-release-macos-arm64 1.0.1 56.00 NOTE
r-release-macos-x86_64 1.0.1 70.00 NOTE
r-release-windows-x86_64 1.0.1 66.00 132.00 198.00 OK
r-oldrel-macos-arm64 1.0.1 61.00 NOTE
r-oldrel-macos-x86_64 1.0.1 74.00 NOTE
r-oldrel-windows-ix86+x86_64 1.0.1 141.00 141.00 282.00 NOTE

Check Details

Version: 1.0.1
Check: C++ specification
Result: NOTE
     Specified C++11: please update to current default of C++17
Flavors: r-devel-linux-x86_64-debian-gcc, r-devel-linux-x86_64-fedora-clang, r-devel-linux-x86_64-fedora-gcc

Version: 1.0.1
Check: dependencies in R code
Result: NOTE
    Namespace in Imports field not imported from: ‘future’
     All declared Imports should be used.
Flavors: r-devel-linux-x86_64-fedora-clang, r-devel-linux-x86_64-fedora-gcc, r-release-macos-arm64, r-release-macos-x86_64, r-oldrel-macos-arm64, r-oldrel-macos-x86_64

Version: 1.0.1
Check: installed package size
Result: NOTE
     installed size is 5.8Mb
     sub-directories of 1Mb or more:
     data 4.1Mb
     libs 1.4Mb
Flavors: r-release-macos-arm64, r-release-macos-x86_64, r-oldrel-macos-arm64, r-oldrel-macos-x86_64, r-oldrel-windows-ix86+x86_64