CRAN Package Check Results for Package wrappedtools

Last updated on 2021-09-22 07:51:45 CEST.

Flavor Version Tinstall Tcheck Ttotal Status Flags
r-devel-linux-x86_64-debian-clang 0.7.9 12.23 103.71 115.94 OK
r-devel-linux-x86_64-debian-gcc 0.7.9 9.86 77.52 87.38 OK
r-devel-linux-x86_64-fedora-clang 0.7.9 144.24 OK
r-devel-linux-x86_64-fedora-gcc 0.7.9 131.44 OK
r-devel-windows-x86_64 0.7.9 14.00 102.00 116.00 OK
r-devel-windows-x86_64-gcc10-UCRT 0.7.9 ERROR
r-patched-linux-x86_64 0.7.9 17.39 97.44 114.83 OK
r-patched-solaris-x86 0.7.9 182.80 OK
r-release-linux-x86_64 0.7.9 11.95 98.01 109.96 OK
r-release-macos-arm64 0.7.9 OK
r-release-macos-x86_64 0.7.9 OK
r-release-windows-ix86+x86_64 0.7.9 28.00 96.00 124.00 OK
r-oldrel-macos-x86_64 0.7.9 OK
r-oldrel-windows-ix86+x86_64 0.7.9 23.00 101.00 124.00 OK

Check Details

Version: 0.7.9
Check: package dependencies
Result: ERROR
    Packages required but not available: 'tidyverse', 'kableExtra'
    
    See section 'The DESCRIPTION file' in the 'Writing R Extensions'
    manual.
Flavor: r-devel-windows-x86_64-gcc10-UCRT