Last updated on 2021-03-09 07:49:56 CET.
Flavor | Version | Tinstall | Tcheck | Ttotal | Status | Flags |
---|---|---|---|---|---|---|
r-devel-linux-x86_64-debian-clang | 1.2-3 | 3.17 | 52.65 | 55.82 | OK | |
r-devel-linux-x86_64-debian-gcc | 1.2-3 | 2.67 | 41.17 | 43.84 | OK | |
r-devel-linux-x86_64-fedora-clang | 1.2-3 | 74.97 | NOTE | |||
r-devel-linux-x86_64-fedora-gcc | 1.2-3 | 64.01 | OK | |||
r-devel-windows-ix86+x86_64 | 1.2-3 | 8.00 | 72.00 | 80.00 | NOTE | |
r-devel-windows-x86_64-gcc10-UCRT | 1.2-3 | OK | ||||
r-patched-linux-x86_64 | 1.2-3 | 3.35 | 51.38 | 54.73 | OK | |
r-patched-solaris-x86 | 1.2-3 | 106.50 | NOTE | |||
r-release-linux-x86_64 | 1.2-3 | 3.35 | 51.47 | 54.82 | OK | |
r-release-macos-x86_64 | 1.2-3 | NOTE | ||||
r-release-windows-ix86+x86_64 | 1.2-3 | 8.00 | 72.00 | 80.00 | NOTE | |
r-oldrel-macos-x86_64 | 1.2-3 | NOTE | ||||
r-oldrel-windows-ix86+x86_64 | 1.2-3 | 8.00 | 56.00 | 64.00 | NOTE |
Version: 1.2-3
Check: installed package size
Result: NOTE
installed size is 11.6Mb
sub-directories of 1Mb or more:
data 11.4Mb
Flavors: r-devel-linux-x86_64-fedora-clang, r-devel-windows-ix86+x86_64, r-patched-solaris-x86, r-release-macos-x86_64, r-release-windows-ix86+x86_64, r-oldrel-macos-x86_64, r-oldrel-windows-ix86+x86_64