Last updated on 2023-03-30 03:52:58 CEST.
Flavor | Version | Tinstall | Tcheck | Ttotal | Status | Flags |
---|---|---|---|---|---|---|
r-devel-linux-x86_64-debian-clang | 0.6.2 | 19.16 | 100.37 | 119.53 | OK | |
r-devel-linux-x86_64-debian-gcc | 0.6.2 | 13.93 | 73.43 | 87.36 | OK | |
r-devel-linux-x86_64-fedora-clang | 0.6.2 | 143.04 | NOTE | |||
r-devel-linux-x86_64-fedora-gcc | 0.6.2 | 133.32 | OK | |||
r-patched-linux-x86_64 | 0.6.2 | 17.69 | 90.88 | 108.57 | OK | |
r-release-linux-x86_64 | 0.6.2 | 13.71 | 92.36 | 106.07 | OK | |
r-release-macos-arm64 | 0.6.2 | 97.00 | OK | |||
r-release-macos-x86_64 | 0.6.2 | 113.00 | OK | |||
r-release-windows-x86_64 | 0.6.2 | 76.00 | 187.00 | 263.00 | OK | |
r-oldrel-macos-arm64 | 0.6.2 | 100.00 | OK | |||
r-oldrel-macos-x86_64 | 0.6.2 | 116.00 | OK | |||
r-oldrel-windows-ix86+x86_64 | 0.6.2 | 33.00 | 176.00 | 209.00 | NOTE |
Version: 0.6.2
Check: package dependencies
Result: NOTE
Imports includes 23 non-default packages.
Importing from so many packages makes the package vulnerable to any of
them becoming unavailable. Move as many as possible to Suggests and
use conditionally.
Flavor: r-devel-linux-x86_64-fedora-clang
Version: 0.6.2
Check: R code for possible problems
Result: NOTE
Initiating curl with CURL_SSL_BACKEND: openssl
Flavor: r-oldrel-windows-ix86+x86_64