CRAN Package Check Results for Package workflowr

Last updated on 2021-05-06 11:50:43 CEST.

Flavor Version Tinstall Tcheck Ttotal Status Flags
r-devel-linux-x86_64-debian-clang 1.6.2 7.42 190.15 197.57 NOTE
r-devel-linux-x86_64-debian-gcc 1.6.2 6.74 139.09 145.83 NOTE
r-devel-linux-x86_64-fedora-clang 1.6.2 218.35 NOTE
r-devel-linux-x86_64-fedora-gcc 1.6.2 245.11 NOTE
r-devel-windows-ix86+x86_64 1.6.2 13.00 181.00 194.00 NOTE
r-devel-windows-x86_64-gcc10-UCRT 1.6.2 ERROR
r-patched-linux-x86_64 1.6.2 11.46 180.60 192.06 NOTE
r-patched-solaris-x86 1.6.2 245.30 OK
r-release-linux-x86_64 1.6.2 7.53 180.24 187.77 OK
r-release-macos-x86_64 1.6.2 OK
r-release-windows-ix86+x86_64 1.6.2 13.00 146.00 159.00 OK
r-oldrel-macos-x86_64 1.6.2 OK
r-oldrel-windows-ix86+x86_64 1.6.2 16.00 5.00 21.00 OK

Check Details

Version: 1.6.2
Check: LazyData
Result: NOTE
     'LazyData' is specified without a 'data' directory
Flavors: r-devel-linux-x86_64-debian-clang, r-devel-linux-x86_64-debian-gcc, r-devel-linux-x86_64-fedora-clang, r-devel-linux-x86_64-fedora-gcc, r-devel-windows-ix86+x86_64, r-devel-windows-x86_64-gcc10-UCRT, r-patched-linux-x86_64

Version: 1.6.2
Check: tests
Result: ERROR
     Running 'spelling.R'
     Running 'system-info.R'
     Running 'testthat.R'
    Running the tests in 'tests/testthat.R' failed.
    Last 13 lines of output:
     y[1]: "C:/"
     -- Failure (test-obtain_existing_path.R:81:3): obtain_existing_paths works when the root is the upstream existing directory (windows) --
     obtain_existing_path("C:/x/y/") not identical to workflowr:::absolute("C:/").
     1/1 mismatches
     x[1]: "C:/x/y"
     y[1]: "C:/"
     -- Failure (test-obtain_existing_path.R:82:3): obtain_existing_paths works when the root is the upstream existing directory (windows) --
     obtain_existing_path("C:/x/y/z") not identical to workflowr:::absolute("C:/").
     1/1 mismatches
     x[1]: "C:/x/y/z"
     y[1]: "C:/"
    
     [ FAIL 5 | WARN 0 | SKIP 138 | PASS 519 ]
     Error: Test failures
     Execution halted
Flavor: r-devel-windows-x86_64-gcc10-UCRT