Last updated on 2023-02-06 11:56:24 CET.
Flavor | Version | Tinstall | Tcheck | Ttotal | Status | Flags |
---|---|---|---|---|---|---|
r-devel-linux-x86_64-debian-clang | 1.0.1 | 4.87 | 62.24 | 67.11 | NOTE | |
r-devel-linux-x86_64-debian-gcc | 1.0.1 | 3.88 | 46.38 | 50.26 | NOTE | |
r-devel-linux-x86_64-fedora-clang | 1.0.1 | 70.46 | NOTE | |||
r-devel-linux-x86_64-fedora-gcc | 1.0.1 | 84.58 | NOTE | |||
r-devel-windows-x86_64 | 1.0.1 | 34.00 | 89.00 | 123.00 | NOTE | |
r-patched-linux-x86_64 | 1.0.1 | 4.91 | 58.34 | 63.25 | OK | |
r-release-linux-x86_64 | 1.0.1 | 4.57 | 59.67 | 64.24 | OK | |
r-release-macos-arm64 | 1.0.1 | 26.00 | OK | |||
r-release-macos-x86_64 | 1.0.1 | 32.00 | OK | |||
r-release-windows-x86_64 | 1.0.1 | 29.00 | 84.00 | 113.00 | OK | |
r-oldrel-macos-arm64 | 1.0.1 | 22.00 | OK | |||
r-oldrel-macos-x86_64 | 1.0.1 | 34.00 | OK | |||
r-oldrel-windows-ix86+x86_64 | 1.0.1 | 10.00 | 89.00 | 99.00 | OK |
Version: 1.0.1
Check: package subdirectories
Result: NOTE
Problems with news in ‘NEWS.md’:
No news entries found.
Flavors: r-devel-linux-x86_64-debian-clang, r-devel-linux-x86_64-debian-gcc, r-devel-linux-x86_64-fedora-clang, r-devel-linux-x86_64-fedora-gcc, r-devel-windows-x86_64