CRAN Package Check Results for Package womblR

Last updated on 2021-03-07 19:49:13 CET.

Flavor Version Tinstall Tcheck Ttotal Status Flags
r-devel-linux-x86_64-debian-clang 1.0.4 250.77 246.86 497.63 OK
r-devel-linux-x86_64-debian-gcc 1.0.4 169.80 189.79 359.59 OK
r-devel-linux-x86_64-fedora-clang 1.0.4 672.99 NOTE
r-devel-linux-x86_64-fedora-gcc 1.0.4 622.50 OK
r-devel-windows-ix86+x86_64 1.0.4 596.00 416.00 1012.00 OK
r-devel-windows-x86_64-gcc10-UCRT 1.0.4 OK
r-patched-linux-x86_64 1.0.4 197.24 234.36 431.60 OK
r-patched-solaris-x86 1.0.4 844.80 OK
r-release-linux-x86_64 1.0.4 200.54 233.55 434.09 OK
r-release-macos-x86_64 1.0.4 NOTE
r-release-windows-ix86+x86_64 1.0.4 431.00 322.00 753.00 OK
r-oldrel-macos-x86_64 1.0.4 NOTE
r-oldrel-windows-ix86+x86_64 1.0.4 384.00 311.00 695.00 OK

Check Details

Version: 1.0.4
Check: installed package size
Result: NOTE
     installed size is 10.3Mb
     sub-directories of 1Mb or more:
     libs 9.5Mb
Flavors: r-devel-linux-x86_64-fedora-clang, r-release-macos-x86_64, r-oldrel-macos-x86_64