CRAN Package Check Results for Package wikilake

Last updated on 2024-06-15 19:55:14 CEST.

Flavor Version Tinstall Tcheck Ttotal Status Flags
r-devel-linux-x86_64-debian-clang 0.7.0 6.85 76.04 82.89 NOTE
r-devel-linux-x86_64-debian-gcc 0.7.0 6.50 57.48 63.98 NOTE
r-devel-linux-x86_64-fedora-clang 0.7.0 104.99 NOTE
r-devel-linux-x86_64-fedora-gcc 0.7.0 117.55 NOTE
r-devel-windows-x86_64 0.7.0 8.00 77.00 85.00 NOTE
r-patched-linux-x86_64 0.7.0 6.56 72.57 79.13 NOTE
r-release-linux-x86_64 0.7.0 5.34 72.53 77.87 NOTE
r-release-macos-arm64 0.7.0 39.00 NOTE
r-release-macos-x86_64 0.7.0 63.00 NOTE
r-release-windows-x86_64 0.7.0 9.00 78.00 87.00 NOTE
r-oldrel-macos-arm64 0.7.0 51.00 OK
r-oldrel-macos-x86_64 0.7.0 62.00 OK
r-oldrel-windows-x86_64 0.7.0 10.00 95.00 105.00 OK

Check Details

Version: 0.7.0
Check: Rd files
Result: NOTE checkRd: (-1) milakes.Rd:10: Lost braces in \itemize; meant \describe ? checkRd: (-1) milakes.Rd:11: Lost braces in \itemize; meant \describe ? checkRd: (-1) milakes.Rd:12: Lost braces in \itemize; meant \describe ? checkRd: (-1) milakes.Rd:13: Lost braces in \itemize; meant \describe ? checkRd: (-1) milakes.Rd:14: Lost braces in \itemize; meant \describe ? checkRd: (-1) milakes.Rd:15: Lost braces in \itemize; meant \describe ? checkRd: (-1) milakes.Rd:16: Lost braces in \itemize; meant \describe ? checkRd: (-1) milakes.Rd:17: Lost braces in \itemize; meant \describe ? checkRd: (-1) milakes.Rd:18: Lost braces in \itemize; meant \describe ? checkRd: (-1) milakes.Rd:19: Lost braces in \itemize; meant \describe ? checkRd: (-1) milakes.Rd:20: Lost braces in \itemize; meant \describe ? checkRd: (-1) milakes.Rd:21: Lost braces in \itemize; meant \describe ? checkRd: (-1) milakes.Rd:22: Lost braces in \itemize; meant \describe ? Flavors: r-devel-linux-x86_64-debian-clang, r-devel-linux-x86_64-debian-gcc, r-devel-linux-x86_64-fedora-clang, r-devel-linux-x86_64-fedora-gcc, r-devel-windows-x86_64, r-patched-linux-x86_64, r-release-linux-x86_64, r-release-macos-arm64, r-release-macos-x86_64, r-release-windows-x86_64