Last updated on 2023-04-01 11:51:45 CEST.
Flavor | Version | Tinstall | Tcheck | Ttotal | Status | Flags |
---|---|---|---|---|---|---|
r-devel-linux-x86_64-debian-clang | 1.1.0 | 17.20 | 410.24 | 427.44 | OK | |
r-devel-linux-x86_64-debian-gcc | 1.1.0 | 13.79 | 307.70 | 321.49 | OK | |
r-devel-linux-x86_64-fedora-clang | 1.1.0 | 510.92 | NOTE | |||
r-devel-linux-x86_64-fedora-gcc | 1.1.0 | 558.77 | OK | |||
r-patched-linux-x86_64 | 1.1.0 | 16.43 | 391.51 | 407.94 | OK | |
r-release-linux-x86_64 | 1.1.0 | 10.90 | 391.00 | 401.90 | OK | |
r-release-macos-arm64 | 1.1.0 | 145.00 | OK | |||
r-release-macos-x86_64 | 1.1.0 | 197.00 | OK | |||
r-release-windows-x86_64 | 1.1.0 | 46.00 | 505.00 | 551.00 | OK | |
r-oldrel-macos-arm64 | 1.1.0 | 137.00 | OK | |||
r-oldrel-macos-x86_64 | 1.1.0 | 202.00 | OK | |||
r-oldrel-windows-ix86+x86_64 | 1.1.0 | 34.00 | 453.00 | 487.00 | OK |
Version: 1.1.0
Check: package dependencies
Result: NOTE
Imports includes 22 non-default packages.
Importing from so many packages makes the package vulnerable to any of
them becoming unavailable. Move as many as possible to Suggests and
use conditionally.
Flavor: r-devel-linux-x86_64-fedora-clang