CRAN Package Check Results for Package whitening

Last updated on 2021-09-22 15:51:50 CEST.

Flavor Version Tinstall Tcheck Ttotal Status Flags
r-devel-linux-x86_64-debian-clang 1.2.0 2.27 26.89 29.16 OK
r-devel-linux-x86_64-debian-gcc 1.2.0 2.14 21.10 23.24 OK
r-devel-linux-x86_64-fedora-clang 1.2.0 44.81 OK
r-devel-linux-x86_64-fedora-gcc 1.2.0 34.17 OK
r-devel-windows-x86_64 1.2.0 4.00 34.00 38.00 OK
r-devel-windows-x86_64-gcc10-UCRT 1.2.0 ERROR
r-patched-linux-x86_64 1.2.0 2.71 25.69 28.40 OK
r-patched-solaris-x86 1.2.0 53.10 OK
r-release-linux-x86_64 1.2.0 2.22 25.98 28.20 OK
r-release-macos-arm64 1.2.0 OK
r-release-macos-x86_64 1.2.0 OK
r-release-windows-ix86+x86_64 1.2.0 6.00 36.00 42.00 OK
r-oldrel-macos-x86_64 1.2.0 OK
r-oldrel-windows-ix86+x86_64 1.2.0 17.00 31.00 48.00 OK

Check Details

Version: 1.2.0
Check: PDF version of manual
Result: WARN
    LaTeX errors when creating PDF version.
    This typically indicates Rd problems.
Flavor: r-devel-windows-x86_64-gcc10-UCRT

Version: 1.2.0
Check: PDF version of manual without hyperrefs or index
Result: ERROR
    Re-running with no redirection of stdout/stderr.
Flavor: r-devel-windows-x86_64-gcc10-UCRT