CRAN Package Check Results for Package whSample

Last updated on 2024-06-13 12:50:06 CEST.

Flavor Version Tinstall Tcheck Ttotal Status Flags
r-devel-linux-x86_64-debian-clang 0.9.6.2 7.99 67.57 75.56 OK
r-devel-linux-x86_64-debian-gcc 0.9.6.2 0.31 1.83 2.14 ERROR
r-devel-linux-x86_64-fedora-clang 0.9.6.2 100.67 OK
r-devel-linux-x86_64-fedora-gcc 0.9.6.2 106.31 OK
r-devel-windows-x86_64 0.9.6.2 8.00 70.00 78.00 OK
r-patched-linux-x86_64 0.9.6.2 6.79 66.04 72.83 OK
r-release-linux-x86_64 0.9.6.2 5.93 67.36 73.29 OK
r-release-macos-arm64 0.9.6.2 41.00 OK
r-release-macos-x86_64 0.9.6.2 56.00 OK
r-release-windows-x86_64 0.9.6.2 9.00 70.00 79.00 OK
r-oldrel-macos-arm64 0.9.6.2 41.00 OK
r-oldrel-macos-x86_64 0.9.6.2 63.00 OK
r-oldrel-windows-x86_64 0.9.6.2 9.00 78.00 87.00 OK

Check Details

Version: 0.9.6.2
Check: package dependencies
Result: ERROR Packages required but not available: 'dplyr', 'purrr' Package suggested but not available for checking: ‘testthat’ See section ‘The DESCRIPTION file’ in the ‘Writing R Extensions’ manual. Flavor: r-devel-linux-x86_64-debian-gcc