CRAN Package Check Results for Package wellknown

Last updated on 2022-05-17 07:53:20 CEST.

Flavor Version Tinstall Tcheck Ttotal Status Flags
r-devel-linux-x86_64-debian-clang 0.7.4 228.78 55.57 284.35 OK
r-devel-linux-x86_64-debian-gcc 0.7.4 169.04 67.47 236.51 WARN
r-devel-linux-x86_64-fedora-clang 0.7.4 387.67 NOTE
r-devel-linux-x86_64-fedora-gcc 0.7.4 388.47 OK
r-devel-windows-x86_64 0.7.4 181.00 101.00 282.00 OK
r-patched-linux-x86_64 0.7.4 198.60 95.92 294.52 OK
r-release-linux-x86_64 0.7.4 199.47 94.99 294.46 OK
r-release-macos-arm64 0.7.4 82.00 NOTE
r-release-macos-x86_64 0.7.4 115.00 NOTE
r-release-windows-x86_64 0.7.4 491.00 99.00 590.00 OK
r-oldrel-macos-arm64 0.7.4 80.00 NOTE
r-oldrel-macos-x86_64 0.7.4 151.00 NOTE
r-oldrel-windows-ix86+x86_64 0.7.4 437.00 103.00 540.00 OK

Check Details

Version: 0.7.4
Check: whether package can be installed
Result: WARN
    Found the following significant warnings:
     /home/hornik/tmp/R.check/r-devel-gcc/Work/build/Packages/BH/include/boost/geometry/algorithms/detail/envelope/range.hpp:112:15: warning: ‘*(boost::geometry::model::point<double, 2, boost::geometry::cs::cartesian>*)((char*)&state + offsetof(boost::geometry::strategy::envelope::cartesian<void>::multi_state<boost::geometry::model::box<boost::geometry::model::point<double, 2, boost::geometry::cs::cartesian> > >,boost::geometry::strategy::envelope::cartesian<void>::multi_state<boost::geometry::model::box<boost::geometry::model::point<double, 2, boost::geometry::cs::cartesian> > >::m_box.boost::geometry::model::box<boost::geometry::model::point<double, 2, boost::geometry::cs::cartesian> >::m_min_corner)).boost::geometry::model::point<double, 2, boost::geometry::cs::cartesian>::m_values[0]’ is used uninitialized [-Wuninitialized]
     /home/hornik/tmp/R.check/r-devel-gcc/Work/build/Packages/BH/include/boost/geometry/algorithms/detail/envelope/range.hpp:112:15: warning: ‘*(boost::geometry::model::point<double, 2, boost::geometry::cs::cartesian>*)((char*)&state + offsetof(boost::geometry::strategy::envelope::cartesian<void>::multi_state<boost::geometry::model::box<boost::geometry::model::point<double, 2, boost::geometry::cs::cartesian> > >,boost::geometry::strategy::envelope::cartesian<void>::multi_state<boost::geometry::model::box<boost::geometry::model::point<double, 2, boost::geometry::cs::cartesian> > >::m_box.boost::geometry::model::box<boost::geometry::model::point<double, 2, boost::geometry::cs::cartesian> >::m_min_corner)).boost::geometry::model::point<double, 2, boost::geometry::cs::cartesian>::m_values[1]’ is used uninitialized [-Wuninitialized]
     /home/hornik/tmp/R.check/r-devel-gcc/Work/build/Packages/BH/include/boost/geometry/algorithms/detail/envelope/range.hpp:112:15: warning: ‘*(boost::geometry::model::point<double, 2, boost::geometry::cs::cartesian>*)((char*)&state + offsetof(boost::geometry::strategy::envelope::cartesian<void>::multi_state<boost::geometry::model::box<boost::geometry::model::point<double, 2, boost::geometry::cs::cartesian> > >,boost::geometry::strategy::envelope::cartesian<void>::multi_state<boost::geometry::model::box<boost::geometry::model::point<double, 2, boost::geometry::cs::cartesian> > >::m_box.boost::geometry::model::box<boost::geometry::model::point<double, 2, boost::geometry::cs::cartesian> >::m_max_corner)).boost::geometry::model::point<double, 2, boost::geometry::cs::cartesian>::m_values[0]’ is used uninitialized [-Wuninitialized]
     /home/hornik/tmp/R.check/r-devel-gcc/Work/build/Packages/BH/include/boost/geometry/algorithms/detail/envelope/range.hpp:112:15: warning: ‘*(boost::geometry::model::point<double, 2, boost::geometry::cs::cartesian>*)((char*)&state + offsetof(boost::geometry::strategy::envelope::cartesian<void>::multi_state<boost::geometry::model::box<boost::geometry::model::point<double, 2, boost::geometry::cs::cartesian> > >,boost::geometry::strategy::envelope::cartesian<void>::multi_state<boost::geometry::model::box<boost::geometry::model::point<double, 2, boost::geometry::cs::cartesian> > >::m_box.boost::geometry::model::box<boost::geometry::model::point<double, 2, boost::geometry::cs::cartesian> >::m_max_corner)).boost::geometry::model::point<double, 2, boost::geometry::cs::cartesian>::m_values[1]’ is used uninitialized [-Wuninitialized]
Flavor: r-devel-linux-x86_64-debian-gcc

Version: 0.7.4
Check: installed package size
Result: NOTE
     installed size is 10.9Mb
     sub-directories of 1Mb or more:
     libs 10.6Mb
Flavors: r-devel-linux-x86_64-fedora-clang, r-release-macos-arm64, r-release-macos-x86_64, r-oldrel-macos-arm64, r-oldrel-macos-x86_64