CRAN Package Check Results for Package weed

Last updated on 2021-11-28 07:51:00 CET.

Flavor Version Tinstall Tcheck Ttotal Status Flags
r-devel-linux-x86_64-debian-clang 1.1.1 OK
r-devel-linux-x86_64-debian-gcc 1.1.1 1.99 22.89 24.88 OK
r-devel-linux-x86_64-fedora-clang 1.1.1 50.83 NOTE
r-devel-linux-x86_64-fedora-gcc 1.1.1 38.12 NOTE
r-devel-windows-x86_64-new-UL 1.1.1 8.00 70.00 78.00 OK
r-devel-windows-x86_64-new-TK 1.1.1 NOTE
r-devel-windows-x86_64-old 1.1.1 4.00 59.00 63.00 OK
r-patched-linux-x86_64 1.1.1 2.85 27.89 30.74 OK
r-patched-solaris-x86 1.1.1 57.80 NOTE
r-release-linux-x86_64 1.1.1 2.24 27.82 30.06 OK
r-release-macos-arm64 1.1.1 NOTE
r-release-macos-x86_64 1.1.1 NOTE
r-release-windows-ix86+x86_64 1.1.1 7.00 40.00 47.00 OK
r-oldrel-macos-x86_64 1.1.1 NOTE
r-oldrel-windows-ix86+x86_64 1.1.1 7.00 49.00 56.00 OK

Check Details

Version: 1.1.1
Check: dependencies in R code
Result: NOTE
    Namespaces in Imports field not imported from:
     ‘here’ ‘rgeos’ ‘tibble’
     All declared Imports should be used.
Flavors: r-devel-linux-x86_64-fedora-clang, r-devel-linux-x86_64-fedora-gcc, r-devel-windows-x86_64-new-TK, r-patched-solaris-x86, r-release-macos-arm64, r-release-macos-x86_64, r-oldrel-macos-x86_64