CRAN Package Check Results for Package webuse

Last updated on 2024-06-13 16:49:30 CEST.

Flavor Version Tinstall Tcheck Ttotal Status Flags
r-devel-linux-x86_64-debian-clang 0.1.3 4.02 38.87 42.89 OK
r-devel-linux-x86_64-debian-gcc 0.1.3 0.32 1.68 2.00 ERROR
r-devel-linux-x86_64-fedora-clang 0.1.3 54.46 OK
r-devel-linux-x86_64-fedora-gcc 0.1.3 51.12 OK
r-devel-windows-x86_64 0.1.3 4.00 50.00 54.00 OK
r-patched-linux-x86_64 0.1.3 2.37 38.38 40.75 OK
r-release-linux-x86_64 0.1.3 2.46 37.60 40.06 OK
r-release-macos-arm64 0.1.3 29.00 OK
r-release-macos-x86_64 0.1.3 36.00 OK
r-release-windows-x86_64 0.1.3 4.00 51.00 55.00 OK
r-oldrel-macos-arm64 0.1.3 22.00 OK
r-oldrel-macos-x86_64 0.1.3 33.00 OK
r-oldrel-windows-x86_64 0.1.3 5.00 55.00 60.00 OK

Check Details

Version: 0.1.3
Check: package dependencies
Result: ERROR Package required but not available: ‘haven’ Package suggested but not available for checking: ‘testthat’ See section ‘The DESCRIPTION file’ in the ‘Writing R Extensions’ manual. Flavor: r-devel-linux-x86_64-debian-gcc