CRAN Package Check Results for Package webmorphR

Last updated on 2023-02-05 07:57:40 CET.

Flavor Version Tinstall Tcheck Ttotal Status Flags
r-devel-linux-x86_64-debian-clang 0.1.1 11.02 631.71 642.73 OK
r-devel-linux-x86_64-debian-gcc 0.1.1 7.99 324.66 332.65 OK
r-devel-linux-x86_64-fedora-clang 0.1.1 324.62 NOTE
r-devel-linux-x86_64-fedora-gcc 0.1.1 529.29 OK
r-devel-windows-x86_64 0.1.1 111.00 462.00 573.00 OK
r-patched-linux-x86_64 0.1.1 8.77 405.52 414.29 OK
r-release-linux-x86_64 0.1.1 9.93 405.53 415.46 OK
r-release-macos-arm64 0.1.1 62.00 OK
r-release-macos-x86_64 0.1.1 99.00 OK
r-release-windows-x86_64 0.1.1 101.00 222.00 323.00 OK
r-oldrel-macos-arm64 0.1.1 60.00 OK
r-oldrel-macos-x86_64 0.1.1 98.00 OK
r-oldrel-windows-ix86+x86_64 0.1.1 20.00 477.00 497.00 OK

Check Details

Version: 0.1.1
Check: Rd cross-references
Result: NOTE
    Undeclared package ‘purrr’ in Rd xrefs
Flavor: r-devel-linux-x86_64-fedora-clang