CRAN Package Check Results for Package webchem

Last updated on 2021-03-01 19:48:17 CET.

Flavor Version Tinstall Tcheck Ttotal Status Flags
r-devel-linux-x86_64-debian-clang 1.1.1 OK
r-devel-linux-x86_64-debian-gcc 1.1.1 6.58 47.98 54.56 OK
r-devel-linux-x86_64-fedora-clang 1.1.1 93.43 OK
r-devel-linux-x86_64-fedora-gcc 1.1.1 82.77 OK
r-devel-windows-ix86+x86_64 1.1.1 13.00 66.00 79.00 OK
r-patched-linux-x86_64 1.1.1 8.21 59.97 68.18 OK
r-patched-solaris-x86 1.1.1 116.70 NOTE
r-release-linux-x86_64 1.1.1 6.70 59.70 66.40 OK
r-release-macos-x86_64 1.1.1 OK
r-release-windows-ix86+x86_64 1.1.1 12.00 61.00 73.00 OK
r-oldrel-macos-x86_64 1.1.1 OK
r-oldrel-windows-ix86+x86_64 1.1.1 10.00 56.00 66.00 OK

Check Details

Version: 1.1.1
Check: package dependencies
Result: NOTE
    Package suggested but not available for checking: ‘rcdk’
Flavor: r-patched-solaris-x86