Last updated on 2023-01-29 07:56:19 CET.
Flavor | Version | Tinstall | Tcheck | Ttotal | Status | Flags |
---|---|---|---|---|---|---|
r-devel-linux-x86_64-debian-clang | 0.2.0 | 6.15 | 104.33 | 110.48 | OK | |
r-devel-linux-x86_64-debian-gcc | 0.2.0 | 3.55 | 76.38 | 79.93 | OK | |
r-devel-linux-x86_64-fedora-clang | 0.2.0 | 138.54 | NOTE | |||
r-devel-linux-x86_64-fedora-gcc | 0.2.0 | 128.57 | OK | |||
r-patched-linux-x86_64 | 0.2.0 | 4.37 | 97.30 | 101.67 | OK | |
r-release-linux-x86_64 | 0.2.0 | 4.75 | 97.50 | 102.25 | OK | |
r-release-macos-arm64 | 0.2.0 | 38.00 | OK | |||
r-release-macos-x86_64 | 0.2.0 | 51.00 | OK | |||
r-release-windows-x86_64 | 0.2.0 | 33.00 | 129.00 | 162.00 | OK | |
r-oldrel-macos-arm64 | 0.2.0 | 37.00 | OK | |||
r-oldrel-macos-x86_64 | 0.2.0 | 52.00 | OK | |||
r-oldrel-windows-ix86+x86_64 | 0.2.0 | 16.00 | 120.00 | 136.00 | OK |
Version: 0.2.0
Check: Rd cross-references
Result: NOTE
Undeclared packages ‘raster’, ‘terra’ in Rd xrefs
Flavor: r-devel-linux-x86_64-fedora-clang