CRAN Package Check Results for Package waydown

Last updated on 2021-06-13 07:50:05 CEST.

Flavor Version Tinstall Tcheck Ttotal Status Flags
r-devel-linux-x86_64-debian-clang 1.1.0 1.77 232.63 234.40 NOTE
r-devel-linux-x86_64-debian-gcc 1.1.0 1.79 156.12 157.91 NOTE
r-devel-linux-x86_64-fedora-clang 1.1.0 274.93 NOTE
r-devel-linux-x86_64-fedora-gcc 1.1.0 262.76 NOTE
r-devel-windows-x86_64 1.1.0 5.00 314.00 319.00 NOTE
r-devel-windows-x86_64-gcc10-UCRT 1.1.0 NOTE
r-patched-linux-x86_64 1.1.0 2.38 215.93 218.31 NOTE
r-patched-solaris-x86 1.1.0 277.20 NOTE
r-release-linux-x86_64 1.1.0 1.93 215.95 217.88 NOTE
r-release-macos-arm64 1.1.0 NOTE
r-release-macos-x86_64 1.1.0 NOTE
r-release-windows-ix86+x86_64 1.1.0 4.00 280.00 284.00 NOTE
r-oldrel-macos-x86_64 1.1.0 OK
r-oldrel-windows-ix86+x86_64 1.1.0 4.00 282.00 286.00 OK

Check Details

Version: 1.1.0
Check: LazyData
Result: NOTE
     'LazyData' is specified without a 'data' directory
Flavors: r-devel-linux-x86_64-debian-clang, r-devel-linux-x86_64-debian-gcc, r-devel-linux-x86_64-fedora-clang, r-devel-linux-x86_64-fedora-gcc, r-devel-windows-x86_64, r-devel-windows-x86_64-gcc10-UCRT, r-patched-linux-x86_64, r-patched-solaris-x86, r-release-linux-x86_64, r-release-macos-arm64, r-release-macos-x86_64, r-release-windows-ix86+x86_64