CRAN Package Check Results for Package wavelets

Last updated on 2021-01-26 15:50:01 CET.

Flavor Version Tinstall Tcheck Ttotal Status Flags
r-devel-linux-x86_64-debian-clang 0.3-0.2 7.07 44.58 51.65 OK
r-devel-linux-x86_64-debian-gcc 0.3-0.2 5.51 34.46 39.97 OK
r-devel-linux-x86_64-fedora-clang 0.3-0.2 72.61 NOTE
r-devel-linux-x86_64-fedora-gcc 0.3-0.2 61.23 NOTE
r-devel-windows-ix86+x86_64 0.3-0.2 15.00 53.00 68.00 OK
r-patched-linux-x86_64 0.3-0.2 6.41 42.19 48.60 OK
r-patched-solaris-x86 0.3-0.2 79.20 OK
r-release-linux-x86_64 0.3-0.2 6.33 42.30 48.63 OK
r-release-macos-x86_64 0.3-0.2 OK
r-release-windows-ix86+x86_64 0.3-0.2 13.00 53.00 66.00 OK
r-oldrel-macos-x86_64 0.3-0.2 OK
r-oldrel-windows-ix86+x86_64 0.3-0.2 14.00 56.00 70.00 OK

Check Details

Version: 0.3-0.2
Check: compiled code
Result: NOTE
    File ‘wavelets/libs/wavelets.so’:
     Found no calls to: ‘R_registerRoutines’, ‘R_useDynamicSymbols’
    
    It is good practice to register native routines and to disable symbol
    search.
    
    See ‘Writing portable packages’ in the ‘Writing R Extensions’ manual.
Flavors: r-devel-linux-x86_64-fedora-clang, r-devel-linux-x86_64-fedora-gcc