CRAN Package Check Results for Package waterquality

Last updated on 2021-02-26 11:51:09 CET.

Flavor Version Tinstall Tcheck Ttotal Status Flags
r-devel-linux-x86_64-debian-clang 0.2.6 24.37 318.09 342.46 OK
r-devel-linux-x86_64-debian-gcc 0.2.6 20.39 257.46 277.85 OK
r-devel-linux-x86_64-fedora-clang 0.2.6 424.25 NOTE
r-devel-linux-x86_64-fedora-gcc 0.2.6 396.45 NOTE
r-devel-windows-ix86+x86_64 0.2.6 36.00 286.00 322.00 OK
r-patched-linux-x86_64 0.2.6 23.12 302.26 325.38 OK
r-patched-solaris-x86 0.2.6 577.80 NOTE
r-release-linux-x86_64 0.2.6 24.32 308.03 332.35 OK
r-release-macos-x86_64 0.2.6 NOTE
r-release-windows-ix86+x86_64 0.2.6 55.00 367.00 422.00 OK
r-oldrel-macos-x86_64 0.2.6 NOTE
r-oldrel-windows-ix86+x86_64 0.2.6 32.00 348.00 380.00 OK

Check Details

Version: 0.2.6
Check: dependencies in R code
Result: NOTE
    Namespaces in Imports field not imported from:
     ‘rgdal’ ‘vctrs’
     All declared Imports should be used.
Flavors: r-devel-linux-x86_64-fedora-clang, r-devel-linux-x86_64-fedora-gcc, r-patched-solaris-x86, r-release-macos-x86_64, r-oldrel-macos-x86_64