CRAN Package Check Results for Package waspr

Last updated on 2021-06-15 19:53:12 CEST.

Flavor Version Tinstall Tcheck Ttotal Status Flags
r-devel-linux-x86_64-debian-clang 1.0.0 46.27 47.92 94.19 OK
r-devel-linux-x86_64-debian-gcc 1.0.0 27.74 53.80 81.54 OK
r-devel-linux-x86_64-fedora-clang 1.0.0 130.12 NOTE
r-devel-linux-x86_64-fedora-gcc 1.0.0 127.98 NOTE
r-devel-windows-x86_64 1.0.0 56.00 85.00 141.00 OK
r-devel-windows-x86_64-gcc10-UCRT 1.0.0 NOTE
r-patched-linux-x86_64 1.0.0 35.22 63.58 98.80 OK
r-patched-solaris-x86 1.0.0 140.40 NOTE
r-release-linux-x86_64 1.0.0 35.91 63.23 99.14 OK
r-release-macos-arm64 1.0.0 NOTE
r-release-macos-x86_64 1.0.0 NOTE
r-release-windows-ix86+x86_64 1.0.0 108.00 124.00 232.00 OK
r-oldrel-macos-x86_64 1.0.0 NOTE
r-oldrel-windows-ix86+x86_64 1.0.0 80.00 138.00 218.00 OK

Check Details

Version: 1.0.0
Check: dependencies in R code
Result: NOTE
    Namespace in Imports field not imported from: ‘methods’
     All declared Imports should be used.
Flavors: r-devel-linux-x86_64-fedora-clang, r-devel-linux-x86_64-fedora-gcc, r-devel-windows-x86_64-gcc10-UCRT, r-patched-solaris-x86, r-release-macos-arm64, r-release-macos-x86_64, r-oldrel-macos-x86_64