CRAN Package Check Results for Package wallace

Last updated on 2021-05-09 15:47:07 CEST.

Flavor Version Tinstall Tcheck Ttotal Status Flags
r-devel-linux-x86_64-debian-clang 1.0.6.3 3.28 33.24 36.52 OK
r-devel-linux-x86_64-debian-gcc 1.0.6.3 3.11 26.35 29.46 OK
r-devel-linux-x86_64-fedora-clang 1.0.6.3 55.72 NOTE
r-devel-linux-x86_64-fedora-gcc 1.0.6.3 43.58 NOTE
r-devel-windows-ix86+x86_64 1.0.6.3 14.00 53.00 67.00 OK
r-devel-windows-x86_64-gcc10-UCRT 1.0.6.3 NOTE
r-patched-linux-x86_64 1.0.6.3 3.57 32.26 35.83 OK
r-patched-solaris-x86 1.0.6.3 73.50 NOTE
r-release-linux-x86_64 1.0.6.3 3.99 32.41 36.40 OK
r-release-macos-x86_64 1.0.6.3 NOTE
r-release-windows-ix86+x86_64 1.0.6.3 9.00 42.00 51.00 OK
r-oldrel-macos-x86_64 1.0.6.3 NOTE
r-oldrel-windows-ix86+x86_64 1.0.6.3 9.00 49.00 58.00 OK

Check Details

Version: 1.0.6.3
Check: dependencies in R code
Result: NOTE
    Namespaces in Imports field not imported from:
     ‘DT’ ‘ENMeval’ ‘RColorBrewer’ ‘XML’ ‘dismo’ ‘dplyr’ ‘leaflet.extras’
     ‘maptools’ ‘raster’ ‘rgbif’ ‘rgdal’ ‘rgeos’ ‘rmarkdown’ ‘shinyjs’
     ‘shinythemes’ ‘spThin’ ‘spocc’ ‘testthat’ ‘zip’
     All declared Imports should be used.
Flavors: r-devel-linux-x86_64-fedora-clang, r-devel-linux-x86_64-fedora-gcc, r-devel-windows-x86_64-gcc10-UCRT, r-patched-solaris-x86, r-release-macos-x86_64, r-oldrel-macos-x86_64