Last updated on 2021-02-26 11:51:09 CET.
Flavor | Version | Tinstall | Tcheck | Ttotal | Status | Flags |
---|---|---|---|---|---|---|
r-devel-linux-x86_64-debian-clang | 1.0.1-1 | 534.45 | 245.75 | 780.20 | OK | |
r-devel-linux-x86_64-debian-gcc | 1.0.1-1 | 435.33 | 210.41 | 645.74 | OK | |
r-devel-linux-x86_64-fedora-clang | 1.0.1-1 | 1149.12 | NOTE | |||
r-devel-linux-x86_64-fedora-gcc | 1.0.1-1 | 1102.33 | OK | |||
r-devel-windows-ix86+x86_64 | 1.0.1-1 | 791.00 | 362.00 | 1153.00 | NOTE | |
r-patched-linux-x86_64 | 1.0.1-1 | 386.39 | 264.12 | 650.51 | OK | |
r-patched-solaris-x86 | 1.0.1-1 | 1039.60 | NOTE | |||
r-release-linux-x86_64 | 1.0.1-1 | 372.15 | 265.04 | 637.19 | OK | |
r-release-macos-x86_64 | 1.0.1-1 | NOTE | ||||
r-release-windows-ix86+x86_64 | 1.0.1-1 | 737.00 | 318.00 | 1055.00 | NOTE | |
r-oldrel-macos-x86_64 | 1.0.1-1 | NOTE | ||||
r-oldrel-windows-ix86+x86_64 | 1.0.1-1 | 800.00 | 369.00 | 1169.00 | NOTE |
Version: 1.0.1-1
Check: installed package size
Result: NOTE
installed size is 88.6Mb
sub-directories of 1Mb or more:
libs 87.3Mb
Flavors: r-devel-linux-x86_64-fedora-clang, r-devel-windows-ix86+x86_64, r-patched-solaris-x86, r-release-macos-x86_64, r-release-windows-ix86+x86_64, r-oldrel-macos-x86_64, r-oldrel-windows-ix86+x86_64