CRAN Package Check Results for Package waldo

Last updated on 2021-06-24 07:50:32 CEST.

Flavor Version Tinstall Tcheck Ttotal Status Flags
r-devel-linux-x86_64-debian-clang 0.2.5 3.71 37.93 41.64 NOTE
r-devel-linux-x86_64-debian-gcc 0.2.5 2.62 29.40 32.02 NOTE
r-devel-linux-x86_64-fedora-clang 0.2.5 56.88 NOTE
r-devel-linux-x86_64-fedora-gcc 0.2.5 47.65 NOTE
r-devel-windows-x86_64 0.2.5 5.00 55.00 60.00 NOTE
r-devel-windows-x86_64-gcc10-UCRT 0.2.5 NOTE
r-patched-linux-x86_64 0.2.5 3.57 36.50 40.07 NOTE
r-patched-solaris-x86 0.2.5 68.30 NOTE
r-release-linux-x86_64 0.2.5 3.61 37.02 40.63 NOTE
r-release-macos-arm64 0.2.5 NOTE
r-release-macos-x86_64 0.2.5 NOTE
r-release-windows-ix86+x86_64 0.2.5 5.00 47.00 52.00 NOTE
r-oldrel-macos-x86_64 0.2.5 OK

Check Details

Version: 0.2.5
Check: LazyData
Result: NOTE
     'LazyData' is specified without a 'data' directory
Flavors: r-devel-linux-x86_64-debian-clang, r-devel-linux-x86_64-debian-gcc, r-devel-linux-x86_64-fedora-clang, r-devel-linux-x86_64-fedora-gcc, r-devel-windows-x86_64, r-devel-windows-x86_64-gcc10-UCRT, r-patched-linux-x86_64, r-patched-solaris-x86, r-release-linux-x86_64, r-release-macos-arm64, r-release-macos-x86_64, r-release-windows-ix86+x86_64

Version: 0.2.5
Check: package dependencies
Result: NOTE
    Package suggested but not available for checking: 'covr'
Flavor: r-devel-windows-x86_64-gcc10-UCRT