Last updated on 2021-03-08 19:51:26 CET.
Flavor | Version | Tinstall | Tcheck | Ttotal | Status | Flags |
---|---|---|---|---|---|---|
r-devel-linux-x86_64-debian-clang | 0.1.0 | 3.68 | 43.10 | 46.78 | OK | |
r-devel-linux-x86_64-debian-gcc | 0.1.0 | 2.92 | 32.63 | 35.55 | OK | |
r-devel-linux-x86_64-fedora-clang | 0.1.0 | 65.97 | NOTE | |||
r-devel-linux-x86_64-fedora-gcc | 0.1.0 | 54.85 | NOTE | |||
r-devel-windows-ix86+x86_64 | 0.1.0 | 11.00 | 65.00 | 76.00 | OK | |
r-devel-windows-x86_64-gcc10-UCRT | 0.1.0 | NOTE | ||||
r-patched-linux-x86_64 | 0.1.0 | 3.84 | 39.71 | 43.55 | OK | |
r-patched-solaris-x86 | 0.1.0 | 76.80 | NOTE | |||
r-release-linux-x86_64 | 0.1.0 | 3.44 | 40.09 | 43.53 | OK | |
r-release-macos-x86_64 | 0.1.0 | NOTE | ||||
r-release-windows-ix86+x86_64 | 0.1.0 | 8.00 | 63.00 | 71.00 | OK | |
r-oldrel-macos-x86_64 | 0.1.0 | NOTE | ||||
r-oldrel-windows-ix86+x86_64 | 0.1.0 | 8.00 | 47.00 | 55.00 | OK |
Version: 0.1.0
Check: dependencies in R code
Result: NOTE
Namespaces in Imports field not imported from:
‘lubridate’ ‘tibble’
All declared Imports should be used.
Flavors: r-devel-linux-x86_64-fedora-clang, r-devel-linux-x86_64-fedora-gcc, r-devel-windows-x86_64-gcc10-UCRT, r-patched-solaris-x86, r-release-macos-x86_64, r-oldrel-macos-x86_64