CRAN Package Check Results for Package vroom

Last updated on 2021-12-05 07:49:28 CET.

Flavor Version Tinstall Tcheck Ttotal Status Flags
r-devel-linux-x86_64-debian-clang 1.5.7 119.07 107.78 226.85 OK
r-devel-linux-x86_64-debian-gcc 1.5.7 99.67 80.68 180.35 OK
r-devel-linux-x86_64-fedora-clang 1.5.7 327.09 NOTE
r-devel-linux-x86_64-fedora-gcc 1.5.7 328.53 OK
r-devel-windows-x86_64-new-UL 1.5.7 190.00 270.00 460.00 OK
r-devel-windows-x86_64-new-TK 1.5.7 OK
r-devel-windows-x86_64-old 1.5.7 125.00 132.00 257.00 OK
r-patched-linux-x86_64 1.5.7 121.65 94.61 216.26 OK
r-release-linux-x86_64 1.5.7 118.72 102.18 220.90 OK
r-release-macos-arm64 1.5.7 NOTE
r-release-macos-x86_64 1.5.7 NOTE
r-release-windows-ix86+x86_64 1.5.7 238.00 153.00 391.00 OK
r-oldrel-macos-x86_64 1.5.7 NOTE
r-oldrel-windows-ix86+x86_64 1.5.6 328.00 188.00 516.00 OK

Check Details

Version: 1.5.7
Check: installed package size
Result: NOTE
     installed size is 9.8Mb
     sub-directories of 1Mb or more:
     libs 8.4Mb
Flavors: r-devel-linux-x86_64-fedora-clang, r-release-macos-arm64, r-release-macos-x86_64, r-oldrel-macos-x86_64

Version: 1.5.7
Check: Rd cross-references
Result: NOTE
    Undeclared package ‘readr’ in Rd xrefs
Flavor: r-devel-linux-x86_64-fedora-clang