CRAN Package Check Results for Package votesmart

Last updated on 2021-12-08 03:58:37 CET.

Flavor Version Tinstall Tcheck Ttotal Status Flags
r-devel-linux-x86_64-debian-clang 0.1.0 5.05 58.48 63.53 OK
r-devel-linux-x86_64-debian-gcc 0.1.0 4.39 44.29 48.68 OK
r-devel-linux-x86_64-fedora-clang 0.1.0 84.86 NOTE
r-devel-linux-x86_64-fedora-gcc 0.1.0 65.55 NOTE
r-devel-windows-x86_64-new-UL 0.1.0 14.00 93.00 107.00 OK
r-devel-windows-x86_64-new-TK 0.1.0 NOTE
r-devel-windows-x86_64-old 0.1.0 10.00 54.00 64.00 OK
r-patched-linux-x86_64 0.1.0 5.06 53.56 58.62 OK
r-release-linux-x86_64 0.1.0 5.76 53.22 58.98 OK
r-release-macos-arm64 0.1.0 NOTE
r-release-macos-x86_64 0.1.0 NOTE
r-release-windows-ix86+x86_64 0.1.0 10.00 71.00 81.00 OK
r-oldrel-macos-x86_64 0.1.0 NOTE
r-oldrel-windows-ix86+x86_64 0.1.0 14.00 73.00 87.00 OK

Check Details

Version: 0.1.0
Check: dependencies in R code
Result: NOTE
    Namespace in Imports field not imported from: ‘glue’
     All declared Imports should be used.
Flavors: r-devel-linux-x86_64-fedora-clang, r-devel-linux-x86_64-fedora-gcc, r-devel-windows-x86_64-new-TK, r-release-macos-arm64, r-release-macos-x86_64, r-oldrel-macos-x86_64