CRAN Package Check Results for Package visualFields

Last updated on 2022-01-21 19:48:53 CET.

Flavor Version Tinstall Tcheck Ttotal Status Flags
r-devel-linux-x86_64-debian-clang 1.0 25.94 162.47 188.41 OK
r-devel-linux-x86_64-debian-gcc 1.0 26.51 119.89 146.40 OK
r-devel-linux-x86_64-fedora-clang 1.0 231.76 NOTE
r-devel-linux-x86_64-fedora-gcc 1.0 217.07 OK
r-devel-windows-x86_64-new-UL 1.0 297.00 170.00 467.00 NOTE
r-devel-windows-x86_64-new-TK 1.0 OK
r-patched-linux-x86_64 1.0 32.31 156.27 188.58 OK
r-release-linux-x86_64 1.0 22.13 154.44 176.57 OK
r-release-macos-arm64 1.0 NOTE
r-release-macos-x86_64 1.0 NOTE
r-release-windows-ix86+x86_64 1.0 61.00 175.00 236.00 NOTE
r-oldrel-macos-x86_64 1.0 NOTE
r-oldrel-windows-ix86+x86_64 1.0 56.00 176.00 232.00 NOTE

Check Details

Version: 1.0
Check: installed package size
Result: NOTE
     installed size is 6.3Mb
     sub-directories of 1Mb or more:
     data 5.9Mb
Flavors: r-devel-linux-x86_64-fedora-clang, r-devel-windows-x86_64-new-UL, r-release-macos-arm64, r-release-macos-x86_64, r-release-windows-ix86+x86_64, r-oldrel-macos-x86_64, r-oldrel-windows-ix86+x86_64