CRAN Package Check Results for Package visachartR

Last updated on 2021-11-27 19:49:53 CET.

Flavor Version Tinstall Tcheck Ttotal Status Flags
r-devel-linux-x86_64-debian-clang 1.1.1 OK
r-devel-linux-x86_64-debian-gcc 1.1.1 1.97 24.59 26.56 OK
r-devel-linux-x86_64-fedora-clang 1.1.1 49.59 NOTE
r-devel-linux-x86_64-fedora-gcc 1.1.1 39.34 OK
r-devel-windows-x86_64-new-UL 1.1.1 14.00 71.00 85.00 NOTE
r-devel-windows-x86_64-new-TK 1.1.1 OK
r-devel-windows-x86_64-old 1.1.1 7.00 52.00 59.00 NOTE
r-patched-linux-x86_64 1.1.1 3.46 29.11 32.57 OK
r-patched-solaris-x86 1.1.1 66.20 NOTE
r-release-linux-x86_64 1.1.1 OK
r-release-macos-arm64 1.1.1 NOTE
r-release-macos-x86_64 1.1.1 NOTE
r-release-windows-ix86+x86_64 1.1.1 7.00 36.00 43.00 NOTE
r-oldrel-macos-x86_64 1.1.1 NOTE
r-oldrel-windows-ix86+x86_64 1.1.1 7.00 39.00 46.00 NOTE

Check Details

Version: 1.1.1
Check: installed package size
Result: NOTE
     installed size is 7.8Mb
     sub-directories of 1Mb or more:
     help 1.3Mb
     htmlwidgets 6.4Mb
Flavors: r-devel-linux-x86_64-fedora-clang, r-devel-windows-x86_64-new-UL, r-devel-windows-x86_64-old, r-patched-solaris-x86, r-release-macos-arm64, r-release-macos-x86_64, r-release-windows-ix86+x86_64, r-oldrel-macos-x86_64, r-oldrel-windows-ix86+x86_64