CRAN Package Check Results for Package vioplot

Last updated on 2021-02-28 19:48:15 CET.

Flavor Version Tinstall Tcheck Ttotal Status Flags
r-devel-linux-x86_64-debian-clang 0.3.5 OK
r-devel-linux-x86_64-debian-gcc 0.3.5 3.00 41.61 44.61 OK
r-devel-linux-x86_64-fedora-clang 0.3.5 77.85 OK
r-devel-linux-x86_64-fedora-gcc 0.3.5 70.59 OK
r-devel-windows-ix86+x86_64 0.3.5 6.00 56.00 62.00 OK
r-patched-linux-x86_64 0.3.5 3.98 51.49 55.47 OK
r-patched-solaris-x86 0.3.5 104.20 OK
r-release-linux-x86_64 0.3.5 3.95 51.12 55.07 OK
r-release-macos-x86_64 0.3.5 OK
r-release-windows-ix86+x86_64 0.3.5 15.00 74.00 89.00 OK
r-oldrel-macos-x86_64 0.3.5 WARN
r-oldrel-windows-ix86+x86_64 0.3.5 5.00 73.00 78.00 OK

Check Details

Version: 0.3.5
Check: dependencies in R code
Result: NOTE
    No protocol specified
    No protocol specified
Flavor: r-oldrel-macos-x86_64

Version: 0.3.5
Check: S3 generic/method consistency
Result: WARN
    No protocol specified
    No protocol specified
    See section ‘Generic functions and methods’ in the ‘Writing R
    Extensions’ manual.
Flavor: r-oldrel-macos-x86_64

Version: 0.3.5
Check: replacement functions
Result: WARN
    No protocol specified
    No protocol specified
    The argument of a replacement function which corresponds to the right
    hand side must be named ‘value’.
Flavor: r-oldrel-macos-x86_64

Version: 0.3.5
Check: foreign function calls
Result: NOTE
    No protocol specified
    No protocol specified
    See chapter ‘System and foreign language interfaces’ in the ‘Writing R
    Extensions’ manual.
Flavor: r-oldrel-macos-x86_64

Version: 0.3.5
Check: R code for possible problems
Result: NOTE
    No protocol specified
    No protocol specified
Flavor: r-oldrel-macos-x86_64

Version: 0.3.5
Check: for missing documentation entries
Result: WARN
    No protocol specified
    No protocol specified
    All user-level objects in a package should have documentation entries.
    See chapter ‘Writing R documentation files’ in the ‘Writing R
    Extensions’ manual.
Flavor: r-oldrel-macos-x86_64

Version: 0.3.5
Check: for code/documentation mismatches
Result: WARN
    No protocol specified
    No protocol specified
    No protocol specified
    No protocol specified
    No protocol specified
    No protocol specified
Flavor: r-oldrel-macos-x86_64

Version: 0.3.5
Check: Rd \usage sections
Result: NOTE
    No protocol specified
    No protocol specified
    The \usage entries for S3 methods should use the \method markup and not
    their full name.
    See chapter ‘Writing R documentation files’ in the ‘Writing R
    Extensions’ manual.
Flavor: r-oldrel-macos-x86_64