Last updated on 2023-03-21 07:54:26 CET.
Flavor | Version | Tinstall | Tcheck | Ttotal | Status | Flags |
---|---|---|---|---|---|---|
r-devel-linux-x86_64-debian-clang | 0.3.2 | OK | ||||
r-devel-linux-x86_64-debian-gcc | 0.3.2 | 14.72 | 80.35 | 95.07 | OK | |
r-devel-linux-x86_64-fedora-clang | 0.3.2 | 153.50 | OK | |||
r-devel-linux-x86_64-fedora-gcc | 0.3.2 | 141.47 | OK | |||
r-patched-linux-x86_64 | 0.3.2 | 18.03 | 102.29 | 120.32 | OK | |
r-release-linux-x86_64 | 0.3.2 | 16.27 | 102.04 | 118.31 | OK | |
r-release-macos-arm64 | 0.3.2 | 44.00 | OK | |||
r-release-macos-x86_64 | 0.3.2 | 62.00 | OK | |||
r-release-windows-x86_64 | 0.3.2 | 47.00 | 133.00 | 180.00 | OK | |
r-oldrel-macos-arm64 | 0.3.2 | 50.00 | OK | |||
r-oldrel-macos-x86_64 | 0.3.2 | 65.00 | OK | |||
r-oldrel-windows-ix86+x86_64 | 0.3.2 | 37.00 | 131.00 | 168.00 | NOTE |
Version: 0.3.2
Check: R code for possible problems
Result: NOTE
Initiating curl with CURL_SSL_BACKEND: openssl
Flavor: r-oldrel-windows-ix86+x86_64