CRAN Package Check Results for Package vhcub

Last updated on 2021-06-20 19:50:47 CEST.

Flavor Version Tinstall Tcheck Ttotal Status Flags
r-devel-linux-x86_64-debian-clang 1.0.0 16.58 183.47 200.05 NOTE
r-devel-linux-x86_64-debian-gcc 1.0.0 15.03 136.59 151.62 NOTE
r-devel-linux-x86_64-fedora-clang 1.0.0 244.17 NOTE
r-devel-linux-x86_64-fedora-gcc 1.0.0 251.88 NOTE
r-devel-windows-x86_64 1.0.0 29.00 152.00 181.00 NOTE
r-devel-windows-x86_64-gcc10-UCRT 1.0.0 NOTE
r-patched-linux-x86_64 1.0.0 17.34 174.31 191.65 NOTE
r-patched-solaris-x86 1.0.0 328.90 NOTE
r-release-linux-x86_64 1.0.0 13.27 180.52 193.79 NOTE
r-release-macos-arm64 1.0.0 ERROR
r-release-macos-x86_64 1.0.0 ERROR
r-release-windows-ix86+x86_64 1.0.0 41.00 202.00 243.00 NOTE
r-oldrel-macos-x86_64 1.0.0 ERROR

Check Details

Version: 1.0.0
Check: LazyData
Result: NOTE
     'LazyData' is specified without a 'data' directory
Flavors: r-devel-linux-x86_64-debian-clang, r-devel-linux-x86_64-debian-gcc, r-devel-linux-x86_64-fedora-clang, r-devel-linux-x86_64-fedora-gcc, r-devel-windows-x86_64, r-devel-windows-x86_64-gcc10-UCRT, r-patched-linux-x86_64, r-patched-solaris-x86, r-release-linux-x86_64, r-release-windows-ix86+x86_64

Version: 1.0.0
Check: package dependencies
Result: ERROR
    Package required but not available: ‘coRdon’
    
    See section ‘The DESCRIPTION file’ in the ‘Writing R Extensions’
    manual.
Flavors: r-release-macos-arm64, r-release-macos-x86_64, r-oldrel-macos-x86_64