Last updated on 2023-02-08 23:57:27 CET.
Flavor | Version | Tinstall | Tcheck | Ttotal | Status | Flags |
---|---|---|---|---|---|---|
r-devel-linux-x86_64-debian-clang | 1.0.3 | 97.42 | 187.02 | 284.44 | OK | |
r-devel-linux-x86_64-debian-gcc | 1.0.3 | 79.92 | 138.11 | 218.03 | OK | |
r-devel-linux-x86_64-fedora-clang | 1.0.3 | 362.83 | OK | |||
r-devel-linux-x86_64-fedora-gcc | 1.0.3 | 382.32 | OK | |||
r-devel-windows-x86_64 | 1.0.3 | 92.00 | 214.00 | 306.00 | OK | |
r-patched-linux-x86_64 | 1.0.3 | 77.63 | 183.55 | 261.18 | OK | |
r-release-linux-x86_64 | 1.0.3 | 69.73 | 179.40 | 249.13 | OK | |
r-release-macos-arm64 | 1.0.3 | 75.00 | NOTE | |||
r-release-macos-x86_64 | 1.0.3 | 120.00 | NOTE | |||
r-release-windows-x86_64 | 1.0.3 | 87.00 | 225.00 | 312.00 | OK | |
r-oldrel-macos-arm64 | 1.0.3 | 75.00 | NOTE | |||
r-oldrel-macos-x86_64 | 1.0.3 | 116.00 | NOTE | |||
r-oldrel-windows-ix86+x86_64 | 1.0.3 | 203.00 | 322.00 | 525.00 | OK |
Version: 1.0.3
Check: installed package size
Result: NOTE
installed size is 7.9Mb
sub-directories of 1Mb or more:
libs 7.5Mb
Flavors: r-release-macos-arm64, r-release-macos-x86_64, r-oldrel-macos-arm64, r-oldrel-macos-x86_64