CRAN Package Check Results for Package vembedr

Last updated on 2024-06-14 00:54:03 CEST.

Flavor Version Tinstall Tcheck Ttotal Status Flags
r-devel-linux-x86_64-debian-clang 0.1.5 4.04 44.68 48.72 OK
r-devel-linux-x86_64-debian-gcc 0.1.5 0.45 1.83 2.28 ERROR
r-devel-linux-x86_64-fedora-clang 0.1.5 66.84 OK
r-devel-linux-x86_64-fedora-gcc 0.1.5 73.13 OK
r-devel-windows-x86_64 0.1.5 5.00 58.00 63.00 OK
r-patched-linux-x86_64 0.1.5 3.33 44.89 48.22 OK
r-release-linux-x86_64 0.1.5 3.18 43.98 47.16 OK
r-release-macos-arm64 0.1.5 30.00 OK
r-release-macos-x86_64 0.1.5 44.00 OK
r-release-windows-x86_64 0.1.5 4.00 59.00 63.00 OK
r-oldrel-macos-arm64 0.1.5 32.00 OK
r-oldrel-macos-x86_64 0.1.5 50.00 OK
r-oldrel-windows-x86_64 0.1.5 5.00 64.00 69.00 OK

Check Details

Version: 0.1.5
Check: package dependencies
Result: ERROR Package required but not available: ‘stringr’ Packages suggested but not available for checking: 'testthat', 'usethis' See section ‘The DESCRIPTION file’ in the ‘Writing R Extensions’ manual. Flavor: r-devel-linux-x86_64-debian-gcc