CRAN Package Check Results for Package velociraptr

Last updated on 2021-07-25 23:55:35 CEST.

Flavor Version Tinstall Tcheck Ttotal Status Flags
r-devel-linux-x86_64-debian-clang 1.1.0 2.11 24.24 26.35 NOTE
r-devel-linux-x86_64-debian-gcc 1.1.0 1.63 18.79 20.42 NOTE
r-devel-linux-x86_64-fedora-clang 1.1.0 40.39 NOTE
r-devel-windows-x86_64 1.1.0 4.00 42.00 46.00 NOTE
r-devel-windows-x86_64-gcc10-UCRT 1.1.0 NOTE
r-patched-linux-x86_64 1.1.0 2.39 23.14 25.53 NOTE
r-patched-solaris-x86 1.1.0 48.50 NOTE
r-release-linux-x86_64 1.1.0 2.31 23.51 25.82 NOTE
r-release-macos-arm64 1.1.0 NOTE
r-release-macos-x86_64 1.1.0 NOTE
r-release-windows-ix86+x86_64 1.1.0 6.00 37.00 43.00 NOTE
r-oldrel-macos-x86_64 1.1.0 OK
r-oldrel-windows-ix86+x86_64 1.1.0 5.00 43.00 48.00 OK

Check Details

Version: 1.1.0
Check: LazyData
Result: NOTE
     'LazyData' is specified without a 'data' directory
Flavors: r-devel-linux-x86_64-debian-clang, r-devel-linux-x86_64-debian-gcc, r-devel-linux-x86_64-fedora-clang, r-devel-windows-x86_64, r-devel-windows-x86_64-gcc10-UCRT, r-patched-linux-x86_64, r-patched-solaris-x86, r-release-linux-x86_64, r-release-macos-arm64, r-release-macos-x86_64, r-release-windows-ix86+x86_64