CRAN Package Check Results for Package vegan

Last updated on 2021-12-05 07:49:27 CET.

Flavor Version Tinstall Tcheck Ttotal Status Flags
r-devel-linux-x86_64-debian-clang 2.5-7 41.06 315.68 356.74 OK
r-devel-linux-x86_64-debian-gcc 2.5-7 33.52 231.67 265.19 OK
r-devel-linux-x86_64-fedora-clang 2.5-7 470.13 NOTE
r-devel-linux-x86_64-fedora-gcc 2.5-7 423.25 OK
r-devel-windows-x86_64-new-UL 2.5-7 92.00 492.00 584.00 OK
r-devel-windows-x86_64-new-TK 2.5-7 OK
r-devel-windows-x86_64-old 2.5-7 64.00 288.00 352.00 OK
r-patched-linux-x86_64 2.5-7 50.93 301.93 352.86 OK
r-release-linux-x86_64 2.5-7 39.36 309.22 348.58 OK
r-release-macos-arm64 2.5-7 NOTE
r-release-macos-x86_64 2.5-7 OK
r-release-windows-ix86+x86_64 2.5-7 79.00 500.00 579.00 OK
r-oldrel-macos-x86_64 2.5-7 OK
r-oldrel-windows-ix86+x86_64 2.5-7 81.00 503.00 584.00 OK

Check Details

Version: 2.5-7
Check: Rd cross-references
Result: NOTE
    Undeclared packages ‘ade4’, ‘cclust’, ‘bipartite’, ‘labdsv’, ‘ellipse’, ‘vegan3d’, ‘coda’, ‘maptools’, ‘ape’, ‘picante’ in Rd xrefs
Flavor: r-devel-linux-x86_64-fedora-clang

Version: 2.5-7
Check: installed package size
Result: NOTE
     installed size is 5.2Mb
     sub-directories of 1Mb or more:
     R 2.0Mb
     doc 1.3Mb
Flavor: r-release-macos-arm64