CRAN Package Check Results for Package veccompare

Last updated on 2021-04-14 23:47:32 CEST.

Flavor Version Tinstall Tcheck Ttotal Status Flags
r-devel-linux-x86_64-debian-clang 0.1.0 2.94 33.18 36.12 OK
r-devel-linux-x86_64-debian-gcc 0.1.0 2.28 25.44 27.72 OK
r-devel-linux-x86_64-fedora-clang 0.1.0 53.71 NOTE
r-devel-linux-x86_64-fedora-gcc 0.1.0 42.85 NOTE
r-devel-windows-ix86+x86_64 0.1.0 8.00 45.00 53.00 OK
r-devel-windows-x86_64-gcc10-UCRT 0.1.0 NOTE
r-patched-linux-x86_64 0.1.0 2.93 31.21 34.14 OK
r-patched-solaris-x86 0.1.0 67.40 NOTE
r-release-linux-x86_64 0.1.0 3.08 31.88 34.96 OK
r-release-macos-x86_64 0.1.0 NOTE
r-release-windows-ix86+x86_64 0.1.0 10.00 51.00 61.00 OK
r-oldrel-macos-x86_64 0.1.0 NOTE
r-oldrel-windows-ix86+x86_64 0.1.0 4.00 36.00 40.00 OK

Check Details

Version: 0.1.0
Check: dependencies in R code
Result: NOTE
    Namespace in Imports field not imported from: ‘pander’
     All declared Imports should be used.
Flavors: r-devel-linux-x86_64-fedora-clang, r-devel-linux-x86_64-fedora-gcc, r-devel-windows-x86_64-gcc10-UCRT, r-patched-solaris-x86, r-release-macos-x86_64, r-oldrel-macos-x86_64